{"id":361,"date":"2017-03-07T18:31:15","date_gmt":"2017-03-07T17:31:15","guid":{"rendered":"http:\/\/webs.um.es\/felixgm\/?page_id=361"},"modified":"2025-03-30T22:22:54","modified_gmt":"2025-03-30T21:22:54","slug":"home","status":"publish","type":"page","link":"https:\/\/webs.um.es\/felixgm\/","title":{"rendered":"Home"},"content":{"rendered":"<p>[vc_row][vc_column]<h3 class=\"fac-title text-left\" style=\"color:#4b4b4b\">Short Bio<\/h3>\n[vc_row_inner][vc_column_inner][vc_column_text]<img style=\"margin: 0px 20px 0px 0px; float: left;\" src=\"http:\/\/webs.um.es\/felixgm\/wp-content\/uploads\/2017\/08\/felixgm.jpg\" width=\"30%\" \/><\/p>\n<p style=\"line-height: 250%; text-align: justify;\">Always eager to learn, improve, become a better person and meet new goals, I am a researcher in the field of cybersecurity aiming at finding innovative solutions to protect ICT systems and their users against cyberthreats and cyberattacks. After receiving my M.Sc. and PhD in Computer Science (in 2007 and 2010, respectively), both from the University of Murcia, I joined NEC Laboratories Europe in Heidelberg as a Research Scientist. In 2012 I was promoted to Senior Researcher in the same institution. From March 2017 to February 2022 I worked as a \u00abRam\u00f3n y Cajal\u00bb Researcher at the University of Murcia. Currently, I am an Assistant Professor and my research focus is specifically on cybersecurity related topics.<\/p>\n<p><!--\n\n\n<p style=\"line-height: 250%; text-align: justify;\">Besides research, I am also passionate about teaching and particularly about mentoring enthusiastic and motivated students willing to pursue their PhD. If this is your case, please do not hesitate to <a href=\"http:\/\/webs.um.es\/felixgm\/contact\">contact me<\/a>.<\/p>\n\n\n--><br \/>\n[\/vc_column_text][\/vc_column_inner][\/vc_row_inner][\/vc_column][\/vc_row]<\/p>\n<p>[vc_row][vc_column width=\u00bb1\/2&#8243;]<br \/>\n<h3 class=\"fac-title text-center\" style=\"color:#4b4b4b\">Positions<\/h3>\n<br \/>\n<ul class=\"ul-dates \"><br \/>\n\n\t\t\t<li class=\"\">\n\t\t\t\t<div class=\"dates\"><span>Present<\/span><span>2025<\/span><\/div>\n\t\t\t\t<div class=\"content\"><h4>Co-Founder &amp; CEO at <strong>SCORPION Cybertech<\/strong><\/h4><p>SCORPION Cybertech<\/p><\/div>\n\t\t\t<\/li>\n\t\t\t<li class=\"\">\n\t\t\t\t<div class=\"dates\"><span>Present<\/span><span>2022<\/span><\/div>\n\t\t\t\t<div class=\"content\"><h4>Assistant Professor <i>(Profesor Titular de Universidad)<\/i><\/h4><p>University of Murcia<\/p><\/div>\n\t\t\t<\/li>\n\t\t\t<li class=\"\">\n\t\t\t\t<div class=\"dates\"><span>Present<\/span><span>2022<\/span><\/div>\n\t\t\t\t<div class=\"content\"><h4>Vicedean of Students, Faculty of Computer Science<\/h4><p>University of Murcia<\/p><\/div>\n\t\t\t<\/li><br \/>\n\n\t\t\t<li class=\"\">\n\t\t\t\t<div class=\"dates\"><span>2022<\/span><span>2022<\/span><\/div>\n\t\t\t\t<div class=\"content\"><h4>Assistant Professor <i>(Profesor Contratado Doctor)<\/i><\/h4><p>University of Murcia<\/p><\/div>\n\t\t\t<\/li><br \/>\n\n\t\t\t<li class=\"\">\n\t\t\t\t<div class=\"dates\"><span>2022<\/span><span>2017<\/span><\/div>\n\t\t\t\t<div class=\"content\"><h4>\u201cRam\u00f3n y Cajal\u201d Researcher<\/h4><p>University of Murcia<\/p><\/div>\n\t\t\t<\/li><br \/>\n\n\t\t\t<li class=\"\">\n\t\t\t\t<div class=\"dates\"><span>2017<\/span><span>2012<\/span><\/div>\n\t\t\t\t<div class=\"content\"><h4>Senior Researcher<\/h4><p>NEC Laboratories Europe<\/p><\/div>\n\t\t\t<\/li>\n\t\t\t<li class=\"\">\n\t\t\t\t<div class=\"dates\"><span>2012<\/span><span>2010<\/span><\/div>\n\t\t\t\t<div class=\"content\"><h4>Research Scientist<\/h4><p>NEC Laboratories Europe<\/p><\/div>\n\t\t\t<\/li>\n\t\t\t<li class=\"\">\n\t\t\t\t<div class=\"dates\"><span>2007<\/span><span>2006<\/span><\/div>\n\t\t\t\t<div class=\"content\"><h4>Software Developer<\/h4><p>CYUM, University of Murcia<\/p><\/div>\n\t\t\t<\/li><\/ul>[\/vc_column]<\/p>\n<p>[vc_column width=\u00bb1\/2&#8243;]<h3 class=\"fac-title text-center\" style=\"color:#4b4b4b\">Education<\/h3>\n<ul class=\"ul-card \">\n\t\t\t<li class=\"\"><div class=\"dy\">\n\t\t\t\t<span class=\"degree\">PhD<\/span>\n\t\t\t\t<span class=\"year\">2010<\/span><\/div>\n\t\t\t\t<div class=\"description\">\n\t\t\t\t<p class=\"what\">PhD in Computer Science<\/p>\n\t\t\t<p class=\"where\">University of Murcia<\/p><\/div>\n\t\t\t<\/li>\n\t\t\t<li class=\"\"><div class=\"dy\">\n\t\t\t\t<span class=\"degree\">MSc<\/span>\n\t\t\t\t<span class=\"year\">2007<\/span><\/div>\n\t\t\t\t<div class=\"description\">\n\t\t\t\t<p class=\"what\">Master in Advanced Information and Telematic Technologies<\/p>\n\t\t\t<p class=\"where\">University of Murcia<\/p><\/div>\n\t\t\t<\/li>\n\t\t\t<li class=\"\"><div class=\"dy\">\n\t\t\t\t<span class=\"degree\">MSc<\/span>\n\t\t\t\t<span class=\"year\">2006<\/span><\/div>\n\t\t\t\t<div class=\"description\">\n\t\t\t\t<p class=\"what\">Computer Science Engineering<\/p>\n\t\t\t<p class=\"where\">University of Murcia<\/p><\/div>\n\t\t\t<\/li><\/ul>[\/vc_column][\/vc_row]<\/p>\n<p>[vc_row content_placement=\u00bbmiddle\u00bb css=\u00bb.vc_custom_1491842127274{background-image: url(http:\/\/webs.um.es\/felixgm\/wp-content\/uploads\/2017\/04\/Gro\u00dfe-Stra\u00dfe-N\u00fcrnberg.jpg?id=5261) !important;background-position: center !important;background-repeat: no-repeat !important;background-size: cover !important;}\u00bb][vc_column width=\u00bb1\/4&#8243;][\/vc_column]<br \/>\n[vc_column width=\u00bb1\/2&#8243;]<br \/>\n[vc_cta h2=\u00bb\u00bb]<blockquote class=\"quotescollection-quote\"><p>&ldquo;Intellectual beauty is sufficient unto itself, and only for it rather than for the future good of humanity does the scholar condemn himself to arduous and painful labors.&rdquo;<\/p>\n<footer class=\"attribution\">&mdash;&nbsp;<cite class=\"author\">Santiago Ram\u00f3n y Cajal<\/cite><\/footer><\/blockquote>[\/vc_cta]<br \/>\n[\/vc_column][vc_column width=\u00bb1\/4&#8243;]<br \/>\n[\/vc_column][\/vc_row]<\/p>\n<p>[vc_row][vc_column]<h3 class=\"fac-title text-center\" style=\"color:#4b4b4b\">Awards<\/h3>\n<\/p>\n<p><ul class=\"timeline \"><br \/>\n\n\t\t\t<li class=\"\">\n\t\t\t\t<div class=\"date\">December 2021<\/div>\n\t\t\t\t<div class=\"circle\"><\/div>\n\t\t\t\t<div class=\"data\"><div class=\"subject\">Knowledge Transfer Award<\/div><div class=\"text row\">\n\t\t    <div class=\"col-md-12\">\n\t\t        <\/p>\n<p>[vc_row_inner][vc_column_inner width=\u00bb1\/6&#8243;][vc_single_image image=\u00bb5961&#8243; img_size=\u00bbthumbnail\u00bb onclick=\u00bbcustom_link\u00bb img_link_target=\u00bb_blank\u00bb link=\u00bbhttps:\/\/www.um.es\/web\/ucc\/\u00bb][\/vc_column_inner][vc_column_inner width=\u00bb5\/6&#8243;][vc_column_text]Knowledge Transfer Award granted by the <a href=\"https:\/\/www.um.es\/web\/ucc\/\" target=\"_blank\" rel=\"noopener noreferrer\">University of Murcia<\/a>[\/vc_column_text][\/vc_column_inner][\/vc_row_inner]\n\t\t    <\/div><\/div><\/div>\n\t\t\t<\/li><\/p>\n\n\t\t\t<li class=\"\">\n\t\t\t\t<div class=\"date\">July 2017<\/div>\n\t\t\t\t<div class=\"circle\"><\/div>\n\t\t\t\t<div class=\"data\"><div class=\"subject\">Leonardo Grant<\/div><div class=\"text row\">\n\t\t    <div class=\"col-md-12\">\n\t\t        <\/p>\n<p>[vc_row_inner][vc_column_inner width=\u00bb1\/6&#8243;][vc_single_image image=\u00bb6001&#8243; img_size=\u00bbthumbnail\u00bb onclick=\u00bbcustom_link\u00bb img_link_target=\u00bb_blank\u00bb link=\u00bbhttp:\/\/www.fbbva.es\u00bb][\/vc_column_inner][vc_column_inner width=\u00bb5\/6&#8243;][vc_column_text]Awarded with a Leonardo Grant by the <a href=\"http:\/\/www.fbbva.es\" target=\"_blank\" rel=\"noopener noreferrer\">BBVA Foundation<\/a> from September 2017 to March 2019[\/vc_column_text][\/vc_column_inner][\/vc_row_inner]\n\t\t    <\/div><\/div><\/div>\n\t\t\t<\/li>\n\n\t\t\t<li class=\"\">\n\t\t\t\t<div class=\"date\">March 2017<\/div>\n\t\t\t\t<div class=\"circle\"><\/div>\n\t\t\t\t<div class=\"data\"><div class=\"subject\">Ram\u00f3n y Cajal Research Grant<\/div><div class=\"text row\">\n\t\t    <div class=\"col-md-12\">\n\t\t        <\/p>\n<p>[vc_row_inner][vc_column_inner width=\u00bb1\/6&#8243;][vc_single_image image=\u00bb5541&#8243; img_size=\u00bbthumbnail\u00bb onclick=\u00bbcustom_link\u00bb img_link_target=\u00bb_blank\u00bb link=\u00bbhttp:\/\/www.mineco.gob.es\/portal\/site\/mineco\/?lang_choosen=en\u00bb][\/vc_column_inner][vc_column_inner width=\u00bb5\/6&#8243;][vc_column_text]Awarded with a \u00abRam\u00f3n y Cajal\u00bb Research Grant by the <a href=\"http:\/\/www.mineco.gob.es\/portal\/site\/mineco\/?lang_choosen=en\" target=\"_blank\" rel=\"noopener noreferrer\">Ministry of Economy, Industry and Competitiveness<\/a> (RYC-2015-18210) from March 2017 to February 2022[\/vc_column_text][\/vc_column_inner][\/vc_row_inner]\n\t\t    <\/div><\/div><\/div>\n\t\t\t<\/li>\n\n\t\t\t<li class=\"\">\n\t\t\t\t<div class=\"date\">January 2011<\/div>\n\t\t\t\t<div class=\"circle\"><\/div>\n\t\t\t\t<div class=\"data\"><div class=\"subject\">Best PhD Thesis Award<\/div><div class=\"text row\">\n\t\t    <div class=\"col-md-12\">\n\t\t        <\/p>\n<p>[vc_row_inner][vc_column_inner width=\u00bb1\/6&#8243;][vc_single_image image=\u00bb5961&#8243; img_size=\u00bbthumbnail\u00bb onclick=\u00bbcustom_link\u00bb img_link_target=\u00bb_blank\u00bb link=\u00bbhttps:\/\/www.um.es\u00bb][\/vc_column_inner][vc_column_inner width=\u00bb5\/6&#8243;][vc_column_text]Best PhD Thesis Award granted by the University of Murcia <div class=\"fac-publications\"><div class=\"pitems\"><div class=\"item\"><div class=\"pubmain pub-has-thumbnail\"><div class=\"pub-thumb\"><img width=\"212\" height=\"300\" src=\"https:\/\/webs.um.es\/felixgm\/wp-content\/uploads\/2017\/03\/GomezMarmol-PhDThesis-cover-212x300.jpg\" class=\"attachment-medium size-medium wp-post-image\" alt=\"\" loading=\"lazy\" srcset=\"https:\/\/webs.um.es\/felixgm\/wp-content\/uploads\/2017\/03\/GomezMarmol-PhDThesis-cover-212x300.jpg 212w, https:\/\/webs.um.es\/felixgm\/wp-content\/uploads\/2017\/03\/GomezMarmol-PhDThesis-cover-768x1086.jpg 768w, https:\/\/webs.um.es\/felixgm\/wp-content\/uploads\/2017\/03\/GomezMarmol-PhDThesis-cover-724x1024.jpg 724w, https:\/\/webs.um.es\/felixgm\/wp-content\/uploads\/2017\/03\/GomezMarmol-PhDThesis-cover.jpg 1240w\" sizes=\"(max-width: 212px) 100vw, 212px\" \/><\/div><!-- .pub-thumb --><div class=\"pub-contents\"><h4 class=\"pubtitle\"><a href=\"http:\/\/webs.um.es\/felixgm\/?post_type=publications&#038;p=3881\">Trust and Reputation Management in Distributed and Heterogeneous Systems<\/a><\/h4><div class=\"pubcontents\"><a href=\"https:\/\/webs.um.es\/felixgm\/pubtype\/phd-thesis\/\"><span class=\"label label-info\">PhD Thesis<\/span><\/a><div class=\"pubauthor\">F\u00e9lix G\u00f3mez M\u00e1rmol<\/div><!-- .pubauthor --><div class=\"pubcite\">PhD Thesis, European Doctorate in Computer Science, University of Murcia, advisor Gregorio Mart\u00ednez P\u00e9rez  <div  style=\"float: center;\"><a href=\"http:\/\/webs.um.es\/felixgm\/phdthesis\/GomezMarmol-PhDThesis.bib\"><img src=\"http:\/\/webs.um.es\/felixgm\/wp-content\/uploads\/2017\/04\/bibtex.gif\" alt=\"\" width=\"46\" height=\"16\" class=\"alignnone size-full wp-image-4021\" \/><\/a><\/div><\/div><!-- .pubcite --><div class=\"pubyear\">Publication year: 2010<\/div><!-- .pubyear --><\/div><!-- .pubcontents --><\/div><!-- .pub-contents --><div class=\"clearfix\"><\/div><\/div><!-- .pubmain --><\/div><!-- .item --><\/div><!-- .pitems --><\/div><!-- .fac-publications -->[\/vc_column_text][\/vc_column_inner][\/vc_row_inner]\n\t\t    <\/div><\/div><\/div>\n\t\t\t<\/li>\n\n\t\t\t<li class=\"\">\n\t\t\t\t<div class=\"date\">September 2009<\/div>\n\t\t\t\t<div class=\"circle\"><\/div>\n\t\t\t\t<div class=\"data\"><div class=\"subject\">Internship Scholarship<\/div><div class=\"text row\">\n\t\t    <div class=\"col-md-12\">\n\t\t        <\/p>\n<p>[vc_row_inner][vc_column_inner width=\u00bb1\/6&#8243;][vc_single_image image=\u00bb5561&#8243; img_size=\u00bbthumbnail\u00bb onclick=\u00bbcustom_link\u00bb img_link_target=\u00bb_blank\u00bb link=\u00bbhttps:\/\/fseneca.es\u00bb][\/vc_column_inner][vc_column_inner width=\u00bb5\/6&#8243;][vc_column_text]Awarded with a scholarship by the <a href=\"http:\/\/fseneca.es\" target=\"_blank\" rel=\"noopener noreferrer\">Seneca Foundation<\/a> (regional agency for R&amp;D) to conduct an internship at NEC Laboratories Europe (Germany) from 14\/09\/2009 to 13\/03\/2010[\/vc_column_text][\/vc_column_inner][\/vc_row_inner]\n\t\t    <\/div><\/div><\/div>\n\t\t\t<\/li>\n\n\t\t\t<li class=\"\">\n\t\t\t\t<div class=\"date\">September 2008<\/div>\n\t\t\t\t<div class=\"circle\"><\/div>\n\t\t\t\t<div class=\"data\"><div class=\"subject\">Internship Scholarship<\/div><div class=\"text row\">\n\t\t    <div class=\"col-md-12\">\n\t\t        <\/p>\n<p>[vc_row_inner][vc_column_inner width=\u00bb1\/6&#8243;][vc_single_image image=\u00bb5561&#8243; img_size=\u00bbthumbnail\u00bb onclick=\u00bbcustom_link\u00bb img_link_target=\u00bb_blank\u00bb link=\u00bbhttps:\/\/fseneca.es\u00bb][\/vc_column_inner][vc_column_inner width=\u00bb5\/6&#8243;][vc_column_text]Awarded with a scholarship by the <a href=\"http:\/\/fseneca.es\" target=\"_blank\" rel=\"noopener noreferrer\">Seneca Foundation<\/a> (regional agency for R&amp;D) to conduct an internship at NEC Laboratories Europe (Germany) from 01\/09\/2008 to 28\/02\/2009[\/vc_column_text][\/vc_column_inner][\/vc_row_inner]\n\t\t    <\/div><\/div><\/div>\n\t\t\t<\/li>\n\n\t\t\t<li class=\"\">\n\t\t\t\t<div class=\"date\">November 2007<\/div>\n\t\t\t\t<div class=\"circle\"><\/div>\n\t\t\t\t<div class=\"data\"><div class=\"subject\">PhD Scholarship<\/div><div class=\"text row\">\n\t\t    <div class=\"col-md-12\">\n\t\t        <\/p>\n<p>[vc_row_inner][vc_column_inner width=\u00bb1\/6&#8243;][vc_single_image image=\u00bb5561&#8243; img_size=\u00bbthumbnail\u00bb onclick=\u00bbcustom_link\u00bb img_link_target=\u00bb_blank\u00bb link=\u00bbhttps:\/\/fseneca.es\u00bb][\/vc_column_inner][vc_column_inner width=\u00bb5\/6&#8243;][vc_column_text]Awarded with a PhD scholarship by the <a href=\"http:\/\/fseneca.es\" target=\"_blank\" rel=\"noopener noreferrer\">Seneca Foundation<\/a> (regional agency for R&amp;D) from November 2007 to November 2010[\/vc_column_text][\/vc_column_inner][\/vc_row_inner]\n\t\t    <\/div><\/div><\/div>\n\t\t\t<\/li>\n\n\t\t\t<li class=\"\">\n\t\t\t\t<div class=\"date\">September 2006<\/div>\n\t\t\t\t<div class=\"circle\"><\/div>\n\t\t\t\t<div class=\"data\"><div class=\"subject\">Graduated with Honors<\/div><div class=\"text row\">\n\t\t    <div class=\"col-md-12\">\n\t\t        <\/p>\n<p>[vc_row_inner][vc_column_inner width=\u00bb1\/6&#8243;][vc_single_image image=\u00bb5961&#8243; img_size=\u00bbthumbnail\u00bb onclick=\u00bbcustom_link\u00bb img_link_target=\u00bb_blank\u00bb link=\u00bbhttps:\/\/www.um.es\u00bb][\/vc_column_inner][vc_column_inner width=\u00bb5\/6&#8243;][vc_column_text]Graduated with Honors by the University of Murcia and awarded with the \u00abHonourable Mention to the Academic Excellence\u00bb[\/vc_column_text][\/vc_column_inner][\/vc_row_inner]\n\t\t    <\/div><\/div><\/div>\n\t\t\t<\/li>\n\n\t\t\t<li class=\"\">\n\t\t\t\t<div class=\"date\">October 2005<\/div>\n\t\t\t\t<div class=\"circle\"><\/div>\n\t\t\t\t<div class=\"data\"><div class=\"subject\">Seneca Scholarship<\/div><div class=\"text row\">\n\t\t    <div class=\"col-md-12\">\n\t\t        <\/p>\n<p>[vc_row_inner][vc_column_inner width=\u00bb1\/6&#8243;][vc_single_image image=\u00bb9551&#8243; img_size=\u00bbthumbnail\u00bb onclick=\u00bbcustom_link\u00bb img_link_target=\u00bb_blank\u00bb link=\u00bbhttps:\/\/www.mecd.gob.es\u00bb][\/vc_column_inner][vc_column_inner width=\u00bb5\/6&#8243;][vc_column_text]Awarded with a Seneca scholarship to study at the University of Granada in the academic year 2005-2006 (SICUE programme)[\/vc_column_text][\/vc_column_inner][\/vc_row_inner]\n\t\t    <\/div><\/div><\/div>\n\t\t\t<\/li>\n<p><\/ul>[\/vc_column][\/vc_row]<\/p>\n<p>[vc_row][vc_column]<h3 class=\"fac-title text-center\" style=\"color:#4b4b4b\">Gallery<\/h3>\n[vc_row_inner][vc_column_inner][vc_column_text]Sometimes, when I have a bit of spare time, I like to kill it with my Canon EOS 600D&#8230;[\/vc_column_text][\/vc_column_inner][\/vc_row_inner][vc_row_inner]<\/p>\n<p>[vc_column_inner width=\u00bb1\/6&#8243;][\/vc_column_inner][vc_column_inner width=\u00bb2\/3&#8243;][vc_gallery interval=\u00bb10&#8243; images=\u00bb171,701,681,671,661,691,651,711,2211,2231,2241,2251,2261&#8243; img_size=\u00bblarge\u00bb onclick=\u00bb\u00bb][\/vc_column_inner][vc_column_inner width=\u00bb1\/6&#8243;][\/vc_column_inner][\/vc_row_inner][\/vc_column][\/vc_row]<\/p>\n","protected":false},"excerpt":{"rendered":"<p>[vc_row][vc_column][vc_row_inner][vc_column_inner][vc_column_text] Always eager to learn, improve, become a better person and meet new goals, I am a researcher in the [&hellip;]<\/p>\n","protected":false},"author":1,"featured_media":171,"parent":0,"menu_order":0,"comment_status":"closed","ping_status":"closed","template":"page-pagebuilder.php","meta":[],"yoast_head":"<!-- This site is optimized with the Yoast SEO plugin v14.9 - https:\/\/yoast.com\/wordpress\/plugins\/seo\/ -->\n<title>F\u00e9lix G\u00f3mez M\u00e1rmol - Biography<\/title>\n<meta name=\"description\" content=\"F\u00e9lix G\u00f3mez M\u00e1rmol, Associate Professor in the Department of Information and Communications Engineering (University of Murcia)\" \/>\n<meta name=\"robots\" content=\"index, follow, max-snippet:-1, max-image-preview:large, max-video-preview:-1\" \/>\n<link rel=\"canonical\" href=\"https:\/\/webs.um.es\/felixgm\/\" \/>\n<meta property=\"og:locale\" content=\"es_ES\" \/>\n<meta property=\"og:type\" content=\"article\" \/>\n<meta property=\"og:title\" content=\"F\u00e9lix G\u00f3mez M\u00e1rmol - Biography\" \/>\n<meta property=\"og:description\" content=\"F\u00e9lix G\u00f3mez M\u00e1rmol, Associate Professor in the Department of Information and Communications Engineering (University of Murcia)\" \/>\n<meta property=\"og:url\" content=\"https:\/\/webs.um.es\/felixgm\/\" \/>\n<meta property=\"og:site_name\" content=\"F\u00e9lix G\u00f3mez M\u00e1rmol\" \/>\n<meta property=\"article:modified_time\" content=\"2025-03-30T21:22:54+00:00\" \/>\n<meta property=\"og:image\" content=\"https:\/\/webs.um.es\/felixgm\/wp-content\/uploads\/2017\/03\/Catedral_de_Murcia.jpg\" \/>\n\t<meta property=\"og:image:width\" content=\"870\" \/>\n\t<meta property=\"og:image:height\" content=\"633\" \/>\n<meta name=\"twitter:card\" content=\"summary\" \/>\n<script type=\"application\/ld+json\" class=\"yoast-schema-graph\">{\"@context\":\"https:\/\/schema.org\",\"@graph\":[{\"@type\":\"WebSite\",\"@id\":\"https:\/\/webs.um.es\/felixgm\/#website\",\"url\":\"https:\/\/webs.um.es\/felixgm\/\",\"name\":\"F\\u00e9lix G\\u00f3mez M\\u00e1rmol\",\"description\":\"\",\"potentialAction\":[{\"@type\":\"SearchAction\",\"target\":\"https:\/\/webs.um.es\/felixgm\/?s={search_term_string}\",\"query-input\":\"required name=search_term_string\"}],\"inLanguage\":\"es\"},{\"@type\":\"ImageObject\",\"@id\":\"https:\/\/webs.um.es\/felixgm\/#primaryimage\",\"inLanguage\":\"es\",\"url\":\"https:\/\/webs.um.es\/felixgm\/wp-content\/uploads\/2017\/03\/Catedral_de_Murcia.jpg\",\"width\":870,\"height\":633},{\"@type\":\"WebPage\",\"@id\":\"https:\/\/webs.um.es\/felixgm\/#webpage\",\"url\":\"https:\/\/webs.um.es\/felixgm\/\",\"name\":\"F\\u00e9lix G\\u00f3mez M\\u00e1rmol - Biography\",\"isPartOf\":{\"@id\":\"https:\/\/webs.um.es\/felixgm\/#website\"},\"primaryImageOfPage\":{\"@id\":\"https:\/\/webs.um.es\/felixgm\/#primaryimage\"},\"datePublished\":\"2017-03-07T17:31:15+00:00\",\"dateModified\":\"2025-03-30T21:22:54+00:00\",\"description\":\"F\\u00e9lix G\\u00f3mez M\\u00e1rmol, Associate Professor in the Department of Information and Communications Engineering (University of Murcia)\",\"inLanguage\":\"es\",\"potentialAction\":[{\"@type\":\"ReadAction\",\"target\":[\"https:\/\/webs.um.es\/felixgm\/\"]}]}]}<\/script>\n<!-- \/ Yoast SEO plugin. -->","_links":{"self":[{"href":"https:\/\/webs.um.es\/felixgm\/wp-json\/wp\/v2\/pages\/361"}],"collection":[{"href":"https:\/\/webs.um.es\/felixgm\/wp-json\/wp\/v2\/pages"}],"about":[{"href":"https:\/\/webs.um.es\/felixgm\/wp-json\/wp\/v2\/types\/page"}],"author":[{"embeddable":true,"href":"https:\/\/webs.um.es\/felixgm\/wp-json\/wp\/v2\/users\/1"}],"replies":[{"embeddable":true,"href":"https:\/\/webs.um.es\/felixgm\/wp-json\/wp\/v2\/comments?post=361"}],"version-history":[{"count":48,"href":"https:\/\/webs.um.es\/felixgm\/wp-json\/wp\/v2\/pages\/361\/revisions"}],"predecessor-version":[{"id":4881,"href":"https:\/\/webs.um.es\/felixgm\/wp-json\/wp\/v2\/pages\/361\/revisions\/4881"}],"wp:featuredmedia":[{"embeddable":true,"href":"https:\/\/webs.um.es\/felixgm\/wp-json\/wp\/v2\/media\/171"}],"wp:attachment":[{"href":"https:\/\/webs.um.es\/felixgm\/wp-json\/wp\/v2\/media?parent=361"}],"curies":[{"name":"wp","href":"https:\/\/api.w.org\/{rel}","templated":true}]}}