{"id":411,"date":"2017-03-07T18:40:55","date_gmt":"2017-03-07T17:40:55","guid":{"rendered":"http:\/\/webs.um.es\/felixgm\/?page_id=411"},"modified":"2024-08-29T21:55:45","modified_gmt":"2024-08-29T20:55:45","slug":"publications","status":"publish","type":"page","link":"https:\/\/webs.um.es\/felixgm\/publications\/","title":{"rendered":"Publications"},"content":{"rendered":"<p>[vc_row][vc_column]<h3 class=\"fac-title text-left\" style=\"color:#4b4b4b\">Publication profiles<\/h3>\n[vc_column_text]<\/p>\n<div style=\"float: left; width: 50%;\">\n<ul>\n<li><a href=\"http:\/\/scholar.google.com\/citations?hl=en&amp;user=YFwhSEcAAAAJ\" target=\"_blank\" rel=\"noopener noreferrer\">Google Scholar<\/a><\/li>\n<li><a href=\"http:\/\/www.informatik.uni-trier.de\/%7Eley\/db\/indices\/a-tree\/m\/M=aacute=rmol:F=eacute=lix_G=oacute=mez.html\" target=\"_blank\" rel=\"noopener noreferrer\">DBLP<\/a><\/li>\n<li><a href=\"https:\/\/www.researchgate.net\/profile\/Felix_Gomez_Marmol\" target=\"_blank\" rel=\"noopener noreferrer\">Research Gate<\/a><\/li>\n<li><a href=\"http:\/\/www.researcherid.com\/rid\/A-7505-2016\" target=\"_blank\" rel=\"noopener noreferrer\">ResearcherId<\/a><\/li>\n<\/ul>\n<\/div>\n<div style=\"float: right; width: 50%;\">\n<ul>\n<li><a href=\"http:\/\/orcid.org\/0000-0002-6424-3322\" target=\"_blank\" rel=\"noopener noreferrer\">ORCID<\/a><\/li>\n<li><a href=\"https:\/\/www.scopus.com\/authid\/detail.uri?authorId=25223189200\" target=\"_blank\" rel=\"noopener noreferrer\">Scopus<\/a><\/li>\n<li><a href=\"https:\/\/academic.microsoft.com\/#\/detail\/2042122991\" target=\"_blank\" rel=\"noopener noreferrer\">Microsoft Academic<\/a><\/li>\n<\/ul>\n<\/div>\n<p>[\/vc_column_text][\/vc_column][\/vc_row]<\/p>\n","protected":false},"excerpt":{"rendered":"<p>[vc_row][vc_column][vc_column_text] Google Scholar DBLP Research Gate ResearcherId ORCID Scopus Microsoft Academic [\/vc_column_text][\/vc_column][\/vc_row]<\/p>\n","protected":false},"author":1,"featured_media":661,"parent":0,"menu_order":0,"comment_status":"closed","ping_status":"closed","template":"page-publications.php","meta":[],"yoast_head":"<!-- This site is optimized with the Yoast SEO plugin v14.9 - https:\/\/yoast.com\/wordpress\/plugins\/seo\/ -->\n<title>F\u00e9lix G\u00f3mez M\u00e1rmol - Publications<\/title>\n<meta name=\"description\" content=\"Publications of F\u00e9lix G\u00f3mez M\u00e1rmol, Associate Professor in the Department of Information and Communications Engineering (University of Murcia)\" \/>\n<meta name=\"robots\" content=\"index, follow, max-snippet:-1, max-image-preview:large, max-video-preview:-1\" \/>\n<link rel=\"canonical\" href=\"https:\/\/webs.um.es\/felixgm\/publications\/\" \/>\n<meta property=\"og:locale\" content=\"es_ES\" \/>\n<meta property=\"og:type\" content=\"article\" \/>\n<meta property=\"og:title\" content=\"F\u00e9lix G\u00f3mez M\u00e1rmol - Publications\" \/>\n<meta property=\"og:description\" content=\"Publications of F\u00e9lix G\u00f3mez M\u00e1rmol, Associate Professor in the Department of Information and Communications Engineering (University of Murcia)\" \/>\n<meta property=\"og:url\" content=\"https:\/\/webs.um.es\/felixgm\/publications\/\" \/>\n<meta property=\"og:site_name\" content=\"F\u00e9lix G\u00f3mez M\u00e1rmol\" \/>\n<meta property=\"article:modified_time\" content=\"2024-08-29T20:55:45+00:00\" \/>\n<meta property=\"og:image\" content=\"https:\/\/webs.um.es\/felixgm\/wp-content\/uploads\/2017\/03\/12037641596_0b0c81098f_b.jpg\" \/>\n\t<meta property=\"og:image:width\" content=\"1024\" \/>\n\t<meta property=\"og:image:height\" content=\"683\" \/>\n<meta name=\"twitter:card\" content=\"summary\" \/>\n<script type=\"application\/ld+json\" class=\"yoast-schema-graph\">{\"@context\":\"https:\/\/schema.org\",\"@graph\":[{\"@type\":\"WebSite\",\"@id\":\"https:\/\/webs.um.es\/felixgm\/#website\",\"url\":\"https:\/\/webs.um.es\/felixgm\/\",\"name\":\"F\\u00e9lix G\\u00f3mez M\\u00e1rmol\",\"description\":\"\",\"potentialAction\":[{\"@type\":\"SearchAction\",\"target\":\"https:\/\/webs.um.es\/felixgm\/?s={search_term_string}\",\"query-input\":\"required name=search_term_string\"}],\"inLanguage\":\"es\"},{\"@type\":\"ImageObject\",\"@id\":\"https:\/\/webs.um.es\/felixgm\/publications\/#primaryimage\",\"inLanguage\":\"es\",\"url\":\"https:\/\/webs.um.es\/felixgm\/wp-content\/uploads\/2017\/03\/12037641596_0b0c81098f_b.jpg\",\"width\":1024,\"height\":683},{\"@type\":\"WebPage\",\"@id\":\"https:\/\/webs.um.es\/felixgm\/publications\/#webpage\",\"url\":\"https:\/\/webs.um.es\/felixgm\/publications\/\",\"name\":\"F\\u00e9lix G\\u00f3mez M\\u00e1rmol - Publications\",\"isPartOf\":{\"@id\":\"https:\/\/webs.um.es\/felixgm\/#website\"},\"primaryImageOfPage\":{\"@id\":\"https:\/\/webs.um.es\/felixgm\/publications\/#primaryimage\"},\"datePublished\":\"2017-03-07T17:40:55+00:00\",\"dateModified\":\"2024-08-29T20:55:45+00:00\",\"description\":\"Publications of F\\u00e9lix G\\u00f3mez M\\u00e1rmol, Associate Professor in the Department of Information and Communications Engineering (University of Murcia)\",\"inLanguage\":\"es\",\"potentialAction\":[{\"@type\":\"ReadAction\",\"target\":[\"https:\/\/webs.um.es\/felixgm\/publications\/\"]}]}]}<\/script>\n<!-- \/ Yoast SEO plugin. -->","_links":{"self":[{"href":"https:\/\/webs.um.es\/felixgm\/wp-json\/wp\/v2\/pages\/411"}],"collection":[{"href":"https:\/\/webs.um.es\/felixgm\/wp-json\/wp\/v2\/pages"}],"about":[{"href":"https:\/\/webs.um.es\/felixgm\/wp-json\/wp\/v2\/types\/page"}],"author":[{"embeddable":true,"href":"https:\/\/webs.um.es\/felixgm\/wp-json\/wp\/v2\/users\/1"}],"replies":[{"embeddable":true,"href":"https:\/\/webs.um.es\/felixgm\/wp-json\/wp\/v2\/comments?post=411"}],"version-history":[{"count":11,"href":"https:\/\/webs.um.es\/felixgm\/wp-json\/wp\/v2\/pages\/411\/revisions"}],"predecessor-version":[{"id":14061,"href":"https:\/\/webs.um.es\/felixgm\/wp-json\/wp\/v2\/pages\/411\/revisions\/14061"}],"wp:featuredmedia":[{"embeddable":true,"href":"https:\/\/webs.um.es\/felixgm\/wp-json\/wp\/v2\/media\/661"}],"wp:attachment":[{"href":"https:\/\/webs.um.es\/felixgm\/wp-json\/wp\/v2\/media?parent=411"}],"curies":[{"name":"wp","href":"https:\/\/api.w.org\/{rel}","templated":true}]}}